?
3, 5
Let m(s) = -21*s - 5. List the prime factors of m(-6).
11
Suppose 0 = -7*o + 455 + 651. List the prime factors of o.
2, 79
Suppose 3*t + 0*t = 204. List the prime factors of t.
2, 17
Suppose f + 2*w + 28 = -3*f, -4*w = 16. What are the prime factors of 9*(-1)/f*5?
3
Let w = 22 + -2. Let t = w + -16. What are the prime factors of t?
2
Suppose 4*v - 369 = -3*g, -7*g = -2*g - 4*v - 615. What are the prime factors of g?
3, 41
Suppose 2*f = 74 - 4. List the prime factors of f.
5, 7
Suppose 3*y - 3*p = -2 + 8, 3*y + p = -2. Suppose -2*f + 4*z - 4 = -4*f, y = 4*f - 4*z - 8. What are the prime factors of f?
2
Let n be (-84)/10 - 10/(-25). Let y = -2 - n. What are the prime factors of y?
2, 3
Suppose 4*g = 3*s - 10, s = -g + 4*g. Suppose s*n - 8*n + 86 = 0. What are the prime factors of n?
43
What are the prime factors of (157 - -3 - 1) + 0?
3, 53
Let k be 2/(-6) + (-6)/9. Let m(x) = -3*x - 9. Let q(s) = -s + 1. Let r(c) = k*m(c) + 2*q(c). What are the prime factors of r(-6)?
5
Suppose -a + 19 = 3*c - 41, -2*c - a + 41 = 0. What are the prime factors of c?
19
Let a(b) = -b**2 + 1. Let c(m) = -4*m**2 - 6*m + 13. Let r(u) = -3*a(u) + c(u). Let q = 1 - 8. What are the prime factors of r(q)?
3
Suppose 16 = b + 4*z, 37 - 7 = 4*b - z. Let a = b + -6. Suppose a*y + 0*y = 8. What are the prime factors of y?
2
Suppose 3*v = -2 - 4. List the prime factors of -1 + v + 2 - -28.
3
Let w = -110 - -174. Let a = w - 43. What are the prime factors of a?
3, 7
Let t(r) = 2*r**2 - 12*r - 7. What are the prime factors of t(9)?
47
Suppose -2*k - 5 = -17. Suppose r = -4*f + k*r + 174, -3*f = 4*r - 115. List the prime factors of f.
41
Suppose 5 + 88 = 3*h. What are the prime factors of h?
31
Suppose 5*v - 2 = -0*v - 4*n, -5*v + 3*n = -16. Suppose o + v = -r + 6*o, r - 7 = -4*o. List the prime factors of r.
3
Let i(x) = x**3 + 7*x**2 + 7*x + 8. Let d be i(-6). Suppose 4*v + d = -q + 3*q, 4*v + 3*q - 13 = 0. Suppose -m - v = -3. List the prime factors of m.
2
Let d(l) = 5*l**2 + 2*l - 1. List the prime factors of d(-2).
3, 5
Suppose 33 = -5*z + 78. What are the prime factors of z?
3
Suppose 0 = f + 2 - 5. Suppose 2*t = a - t - 6, -57 = -f*a - 4*t. What are the prime factors of a?
3, 5
Suppose -p + 48 = 5*h, 0 = 4*p - 0*p + 4*h - 240. What are the prime factors of p?
3, 7
Let x = 8 + -5. Suppose -x*b - 5 = -23. What are the prime factors of b?
2, 3
Suppose 4*l - g - 21 = 0, -g - 4 - 5 = -l. What are the prime factors of l?
2
Let g(a) = 19*a**3 - 2*a**2 + 2*a - 3. List the prime factors of g(2).
5, 29
Let h(o) = -o**3 - 14*o**2 + 12*o - 17. List the prime factors of h(-15).
2, 7
Suppose -r = 3 - 5. Let g(t) = 5*t**2 - 3*t + 3. What are the prime factors of g(r)?
17
Let f be ((-432)/(-56))/((-1)/(-7)). Let v = f - 35. List the prime factors of v.
19
Suppose 2*d = -a + 212, -4*d = -9*d - 5. List the prime factors of a.
2, 107
Let k(y) = -y**3 - 8*y**2 - 6*y - 12. What are the prime factors of k(-8)?
2, 3
Let u = 1 - -1. List the prime factors of 2 - (u + -1) - -1.
2
Let u(o) = 7*o**2 - 5. Let c(i) = -8*i**2 + 4. Let x(q) = -6*c(q) - 5*u(q). Suppose -5*g - 4 = -g. What are the prime factors of x(g)?
2, 7
Suppose 3*k + 15 = 8*k. List the prime factors of k.
3
Suppose -8 - 4 = -2*f + 3*g, 4*g = -3*f + 35. List the prime factors of 21/1*3/f.
7
Suppose 29 - 194 = -3*s. What are the prime factors of s?
5, 11
Let t(l) = -9*l**3 + l**2 - 2*l - 3. What are the prime factors of t(-1)?
3
Suppose -3*p + 3*t = -18, -3*p = -5*t - 17 - 3. Suppose u + h = 3, p*u + h - 4 - 7 = 0. Let f = u - -11. List the prime factors of f.
13
Let k(x) = -x**2 - 6*x + 5. Let v(q) = q - 7. Let s be v(0). Let j be k(s). What are the prime factors of (5/j)/(2/(-4))?
5
What are the prime factors of 5 + 32/(-6) - 1155/(-9)?
2
Let g(q) = q**3 - 8*q**2 + q - 3. Let z be g(8). Suppose 0 = -5*v - z*p + 40, 0 = v + 5*p + 1 - 21. Suppose 5*a - v = 70. What are the prime factors of a?
3, 5
Suppose 3*v = 4*v - 2. Let d be 1/v - (-5)/10. List the prime factors of (-1 - 4)/(d/(-2)).
2, 5
Let l = -33 - -17. Let y = 22 + l. Let i(n) = -n**3 + 6*n**2 + 6. List the prime factors of i(y).
2, 3
Suppose -3*s = -0*s. Suppose -i + u = s, i - 3*u = -i. Suppose -5*t = -i*v + 5*v - 70, 4*t - 5*v - 83 = 0. List the prime factors of t.
17
Let p be 4/6*(-3)/1. Let t = 3 + p. List the prime factors of (-32)/(-6) + t/(-3).
5
Let w = -11 - -47. What are the prime factors of w?
2, 3
Let h(r) = 2*r**2 + 3*r. Let o be h(-3). Let p = -1 + o. What are the prime factors of p?
2
Suppose 6*r - 21 = 291. List the prime factors of r.
2, 13
Let t(l) = 4 - 2 + 4*l + l**2 + l**2. Let i be t(-2). What are the prime factors of 0 - i - 1*-6?
2
Let j(i) = i + 19. List the prime factors of j(5).
2, 3
Let u be (-5)/25 + 32/10. Suppose u*a = 7*a. Suppose a = -5*b + 5*v + 45, b - 9 = -4*b - 4*v. What are the prime factors of b?
5
Suppose 0 = 4*j - 4*s - s - 33, 2*j - 5*s = 9. Let t be (-1 + j)*(-2)/(-2). Let o = t + -5. List the prime factors of o.
2, 3
Let a(i) = -2*i**3 + 2*i**2 - 3*i - 3. List the prime factors of a(-3).
2, 3, 13
Let g = 115 + -166. Let d = 102 + g. What are the prime factors of d?
3, 17
Let a(o) = 276*o**2 - 6*o - 6. What are the prime factors of a(-1)?
2, 3, 23
Let v(a) = -a + 3. Suppose 2*p + 4*q = 0, 4*p + 3 = -5*q + 18. Let f be v(p). Let k = f + 14. List the prime factors of k.
7
Let y(n) = 2*n - 12. Let b be y(10). What are the prime factors of 1*((b - -3) + -2)?
3
Let i be ((-4)/3*-12)/2. Suppose 3*f = f + i. Suppose -4*n - 28 = -f*b + b, 3*b - 32 = 2*n. What are the prime factors of b?
2, 3
Let r be 0/(3*2/6). Suppose r = 6*l - 7*l + 10. What are the prime factors of l?
2, 5
Let i(g) = -5*g**3 + 3*g. List the prime factors of i(-3).
2, 3, 7
Let y(j) = j**2 + 10*j - 28. List the prime factors of y(9).
11, 13
Let k = -119 - -71. What are the prime factors of k*4/(-18)*3?
2
Suppose -2*n = -2*j - 2, 0 = 5*j - 0*n + n + 35. What are the prime factors of 3 + (-1 - 2)*j?
3, 7
Suppose 4*o - 14 - 94 = 0. List the prime factors of o.
3
Let n(l) = -l**3 + 5*l**2 - 5*l + 6. Let q be n(4). Suppose -5*u + q + 8 = 0. Suppose t - 2*t + u = 0. What are the prime factors of t?
2
Let n(x) = x**3 + 5*x**2 - 3*x - 9. Let u be n(-5). What are the prime factors of (-164)/(-8) - (-9)/u?
2, 11
Let a(w) be the second derivative of w**5/20 + 3*w**4/4 - 11*w**3/6 - 4*w**2 - w. Let k be a(-10). Suppose -k*l + 2 + 12 = 0. List the prime factors of l.
7
Let l be ((-2 - -2) + -1)*0. What are the prime factors of -2 + -8*(-2 + l)?
2, 7
List the prime factors of (0 + -14)*205/(-10).
7, 41
Suppose -3*x + 75 + 22 = 2*m, 2*x - 148 = -3*m. List the prime factors of m.
2, 5
What are the prime factors of (-2)/7 - ((-1948)/7 - 0)?
2, 139
Let p(u) = -u + 0*u - 2*u + 0*u - 1. Let x be p(2). Let j = x + 23. List the prime factors of j.
2
Let j be 57*1*2/(-2). Let l = 27 + j. Let z = l - -42. What are the prime factors of z?
2, 3
Let w(g) = -3*g. Let k be 2 - -6*3/(-6). What are the prime factors of w(k)?
3
Let s(m) = 3*m + 13. Let a be s(9). Suppose -2*g + 4*h + 10 = -0*h, -g - 30 = 5*h. What are the prime factors of (-6)/g*a/6?
2
Suppose 0 = -4*q + 3*q - 3. Let n = 3 + q. Suppose a = 5*v - 17, n*a + 12 = 4*a. What are the prime factors of v?
2
Suppose -5*c - 25 = 55. List the prime factors of 4/((-8)/6) - c.
13
Suppose 4*d - 290 + 62 = 0. List the prime factors of d.
3, 19
Let h(x) = x. Let i be h(2). List the prime factors of 7 + (2 - (2 - i)).
3
What are the prime factors of 210/13 - 11/((-429)/(-6))?
2
Let k(p) = -9*p**3 - 4*p**2 + 3*p + 10. What are the prime factors of k(-3)?
2, 13
Suppose -105 = -5*g - 2*o, -3*o = 3*g - 0*g - 54. Let c = g - 7. What are the prime factors of c?
2
Let j be 2/(-4)*-1*6. Suppose n = -j*n. Suppose -5*w + 60 = 2*m, n*m + 12 = w - m. List the prime factors of w.
2, 3
Let t be (-1)/(-3) + (-1)/3. Suppose 26 = 2*m - t*m. What are the prime factors of m?
13
Suppose 3*m - 75 = w - 5*w, 5*m - 2*w - 99 = 0. List the prime factors of m.
3, 7
Let i(w) = -15*w**2 - 2*w + 1. Let q be i(1). Let o(j) = -j**3 - j - 3. Let k be o(-3). Let g = k + q. What are the prime factors of g?
11
Let q = 9 + -16. Let l = 11 + q. Let w = -1 + l. What are the prime factors of w?
3
What are the prime factors of (13 - 2) + (0 - 3)?
2
Suppose 14 = 5*p - 256. What are